{"id":6193,"date":"2020-04-07T05:23:36","date_gmt":"2020-04-07T05:23:36","guid":{"rendered":"https:\/\/esss.edu.ar\/?page_id=6193"},"modified":"2020-11-24T19:11:39","modified_gmt":"2020-11-24T19:11:39","slug":"trabajador-social","status":"publish","type":"page","link":"https:\/\/esss.edu.ar\/?page_id=6193","title":{"rendered":"Trabajador Social"},"content":{"rendered":"\n<h3 class=\"wp-block-heading\">\u00bfDe qu\u00e9 se trata?<\/h3>\n\n\n\n<p>\u00abLa profesi\u00f3n de trabajo social promueve el cambio  social, la resoluci\u00f3n de problemas en las relaciones humanas y el  fortalecimiento y la liberaci\u00f3n del pueblo para incrementar el  bienestar. Mediante la utilizaci\u00f3n de teor\u00edas sobre comportamiento  humano y los sistemas sociales, el trabajo social interviene en los  puntos en los que las personas interact\u00faan con su entorno. Los  principios de los Derechos Humanos y la Justicia Social son  fundamentales para el trabajo social\u00bb (Federaci\u00f3n Internacional de  Trabajadores Sociales).<\/p>\n\n\n\n<h3 class=\"wp-block-heading\">Perfil del egresado<\/h3>\n\n\n\n<p>El Trabajador Social es un profesional competente para intervenir en diferentes espacios gubernamentales y no gubernamentales; capacitado para el abordaje de problem\u00e1ticas sociales elaborando diagn\u00f3sticos y planificaciones; asesorando, gestionando y coordinando acciones y recursos a trav\u00e9s de la sistematizaci\u00f3n de su pr\u00e1ctica profesional.<\/p>\n\n\n\n<h4 class=\"wp-block-heading\"><strong>A) NIVEL MACROSOCIAL:<\/strong><\/h4>\n\n\n\n<p>Participaci\u00f3n en la elaboraci\u00f3n de pol\u00edticas y programas de:<\/p>\n\n\n\n<ul class=\"wp-block-list\"><li>Desarrollo y promoci\u00f3n comunitaria,<\/li><li>Prevenci\u00f3n en drogodependencia; enfermedades end\u00e9micas; VIH, SIDA y ETS,<\/li><li>Vivienda,<\/li><li>Trabajo,<\/li><li>Asistencia alimentaria.<\/li><\/ul>\n\n\n\n<h4 class=\"wp-block-heading\"><strong>B) NIVEL MICROSOCIAL:<\/strong><\/h4>\n\n\n\n<ul class=\"wp-block-list\"><li>Mediaci\u00f3n,<\/li><li>Peritajes judiciales,<\/li><li>Equipos de Orientaci\u00f3n Escolar en Establecimientos Educativos de Nivel  Inicial, E.G.B., Polimodal y Centros Educativos Complementarios  Organizaciones No Gubernamentales (Caritas; Comisiones de  Fomento; Asociaciones Vecinales, etc.),<\/li><li>Organismos oficiales y privados en el \u00e1rea de la salud: Hospitales, dispensarios y centros de salud mental,<\/li><li>Minoridad: Tribunales , hogares de menores y dem\u00e1s formas de asistencia (familias sustitutas, peque\u00f1os hogares, etc.),<\/li><li>Tercera Edad: Hogares, geri\u00e1tricos, clubes recreativos, PAMI,<\/li><li>Empresas,<\/li><li>Municipalidades,<\/li><li>Conformaci\u00f3n de equipos de investigaci\u00f3n social,<\/li><li>Organismos provinciales descentralizados,<\/li><li>Ejercicio privado de la profesi\u00f3n.<\/li><\/ul>\n\n\n\n<h3 class=\"wp-block-heading\">Plan de estudio<\/h3>\n\n\n<p>[tabs]<\/p>\n<p>[tab title=\u00bbPrimer a\u00f1o\u00bb]<\/p>\n<p>Filosof\u00eda<br \/>\nPsicolog\u00eda Evolutiva y de la Personalidad<br \/>\nSociolog\u00eda I<br \/>\nDerecho<br \/>\nHistoria y Fundamentos del Trabajo Social<br \/>\nConocimiento Institucional<br \/>\nMetodolog\u00eda de la Investigaci\u00f3n I<br \/>\nPr\u00e1ctica Profesional I<br \/>\nEspacio de Definici\u00f3n Institucional[\/tab]<\/p>\n<p>[tab title=\u00bbSegundo a\u00f1o\u00bb]<\/p>\n<p>Sociolog\u00eda II<br \/>\nPsicolog\u00eda Social<br \/>\nEpistemolog\u00eda<br \/>\nDerecho Penal y R\u00e9gimen Penitenciario<br \/>\nDerecho de Familia<br \/>\nTrabajo Social I<br \/>\nTrabajo Social II<br \/>\nMetodolog\u00eda de la Investigaci\u00f3n II<br \/>\nPr\u00e1ctica Profesional II<br \/>\nEspacio de Definici\u00f3n Institucional[\/tab]<\/p>\n<p>[tab title=\u00bbTercer a\u00f1o\u00bb]<\/p>\n<p>Antropolog\u00eda<br \/>\nHistoria Social y Pol\u00edtica<br \/>\nDerecho Laboral<br \/>\nSalud P\u00fablica<br \/>\nIngl\u00e9s I<br \/>\nTrabajo Social III<br \/>\nPlanificaci\u00f3n y Administraci\u00f3n<br \/>\nPr\u00e1ctica Profesional III<br \/>\nEspacio de Definici\u00f3n Institucional[\/tab]<\/p>\n<p>[tab title=\u00bbCuarto a\u00f1o\u00bb]<\/p>\n<p>Econom\u00eda Social<br \/>\nSalud Mental<br \/>\nIngl\u00e9s II<br \/>\nPol\u00edtica Social<br \/>\nTrabajo Final de Investigaci\u00f3n<br \/>\nPr\u00e1ctica Profesional IV<br \/>\nEspacio de Definici\u00f3n Institucional[\/tab] [\/tabs]<\/p>\n\n\n\n<h3 class=\"wp-block-heading\">Descargas<\/h3>\n\n\n\n<ul class=\"wp-block-list\"><li><a href=\"https:\/\/esss.edu.ar\/wp-content\/uploads\/2020\/11\/folleto-trabajo-social.pdf\" target=\"_blank\" rel=\"noreferrer noopener\" aria-label=\" (se abre en una nueva pesta\u00f1a)\">Folleto informativo sobre la carrera<\/a><\/li><li><a href=\"https:\/\/esss.edu.ar\/wp-content\/uploads\/2020\/11\/plan-de-estudios-trabajador-social.pdf\" target=\"_blank\" rel=\"noreferrer noopener\" aria-label=\" (se abre en una nueva pesta\u00f1a)\">Plan de estudio aprobado por la DGCyE (Pcia. de Bs. As.)<\/a><\/li><li><a href=\"https:\/\/esss.edu.ar\/wp-content\/uploads\/2020\/11\/solicitud-de-inscripcion-2021.pdf\" target=\"_blank\" rel=\"noreferrer noopener\" aria-label=\" (se abre en una nueva pesta\u00f1a)\">Solicitud de inscripci\u00f3n<\/a><\/li><\/ul>\n","protected":false},"excerpt":{"rendered":"<p>\u00bfDe qu\u00e9 se trata? \u00abLa profesi\u00f3n de trabajo social promueve el cambio social, la resoluci\u00f3n de problemas en las relaciones humanas y el fortalecimiento y la liberaci\u00f3n del pueblo para [&hellip;]<\/p>\n","protected":false},"author":1,"featured_media":0,"parent":0,"menu_order":0,"comment_status":"closed","ping_status":"closed","template":"template-noright.php","meta":{"_monsterinsights_skip_tracking":false,"_monsterinsights_sitenote_active":false,"_monsterinsights_sitenote_note":"","_monsterinsights_sitenote_category":0,"footnotes":""},"class_list":["post-6193","page","type-page","status-publish","hentry"],"aioseo_notices":[],"_links":{"self":[{"href":"https:\/\/esss.edu.ar\/index.php?rest_route=\/wp\/v2\/pages\/6193","targetHints":{"allow":["GET"]}}],"collection":[{"href":"https:\/\/esss.edu.ar\/index.php?rest_route=\/wp\/v2\/pages"}],"about":[{"href":"https:\/\/esss.edu.ar\/index.php?rest_route=\/wp\/v2\/types\/page"}],"author":[{"embeddable":true,"href":"https:\/\/esss.edu.ar\/index.php?rest_route=\/wp\/v2\/users\/1"}],"replies":[{"embeddable":true,"href":"https:\/\/esss.edu.ar\/index.php?rest_route=%2Fwp%2Fv2%2Fcomments&post=6193"}],"version-history":[{"count":6,"href":"https:\/\/esss.edu.ar\/index.php?rest_route=\/wp\/v2\/pages\/6193\/revisions"}],"predecessor-version":[{"id":6265,"href":"https:\/\/esss.edu.ar\/index.php?rest_route=\/wp\/v2\/pages\/6193\/revisions\/6265"}],"wp:attachment":[{"href":"https:\/\/esss.edu.ar\/index.php?rest_route=%2Fwp%2Fv2%2Fmedia&parent=6193"}],"curies":[{"name":"wp","href":"https:\/\/api.w.org\/{rel}","templated":true}]}}

<h3 class="wp-block-heading">¿De qué se trata?</h3>



<p>«La profesión de trabajo social promueve el cambio  social, la resolución de problemas en las relaciones humanas y el  fortalecimiento y la liberación del pueblo para incrementar el  bienestar. Mediante la utilización de teorías sobre comportamiento  humano y los sistemas sociales, el trabajo social interviene en los  puntos en los que las personas interactúan con su entorno. Los  principios de los Derechos Humanos y la Justicia Social son  fundamentales para el trabajo social» (Federación Internacional de  Trabajadores Sociales).</p>



<h3 class="wp-block-heading">Perfil del egresado</h3>



<p>El Trabajador Social es un profesional competente para intervenir en diferentes espacios gubernamentales y no gubernamentales; capacitado para el abordaje de problemáticas sociales elaborando diagnósticos y planificaciones; asesorando, gestionando y coordinando acciones y recursos a través de la sistematización de su práctica profesional.</p>



<h4 class="wp-block-heading"><strong>A) NIVEL MACROSOCIAL:</strong></h4>



<p>Participación en la elaboración de políticas y programas de:</p>



<ul class="wp-block-list"><li>Desarrollo y promoción comunitaria,</li><li>Prevención en drogodependencia; enfermedades endémicas; VIH, SIDA y ETS,</li><li>Vivienda,</li><li>Trabajo,</li><li>Asistencia alimentaria.</li></ul>



<h4 class="wp-block-heading"><strong>B) NIVEL MICROSOCIAL:</strong></h4>



<ul class="wp-block-list"><li>Mediación,</li><li>Peritajes judiciales,</li><li>Equipos de Orientación Escolar en Establecimientos Educativos de Nivel  Inicial, E.G.B., Polimodal y Centros Educativos Complementarios  Organizaciones No Gubernamentales (Caritas; Comisiones de  Fomento; Asociaciones Vecinales, etc.),</li><li>Organismos oficiales y privados en el área de la salud: Hospitales, dispensarios y centros de salud mental,</li><li>Minoridad: Tribunales , hogares de menores y demás formas de asistencia (familias sustitutas, pequeños hogares, etc.),</li><li>Tercera Edad: Hogares, geriátricos, clubes recreativos, PAMI,</li><li>Empresas,</li><li>Municipalidades,</li><li>Conformación de equipos de investigación social,</li><li>Organismos provinciales descentralizados,</li><li>Ejercicio privado de la profesión.</li></ul>



<h3 class="wp-block-heading">Plan de estudio</h3>


<p>[tabs]</p>
<p>[tab title=»Primer año»]</p>
<p>Filosofía<br />
Psicología Evolutiva y de la Personalidad<br />
Sociología I<br />
Derecho<br />
Historia y Fundamentos del Trabajo Social<br />
Conocimiento Institucional<br />
Metodología de la Investigación I<br />
Práctica Profesional I<br />
Espacio de Definición Institucional[/tab]</p>
<p>[tab title=»Segundo año»]</p>
<p>Sociología II<br />
Psicología Social<br />
Epistemología<br />
Derecho Penal y Régimen Penitenciario<br />
Derecho de Familia<br />
Trabajo Social I<br />
Trabajo Social II<br />
Metodología de la Investigación II<br />
Práctica Profesional II<br />
Espacio de Definición Institucional[/tab]</p>
<p>[tab title=»Tercer año»]</p>
<p>Antropología<br />
Historia Social y Política<br />
Derecho Laboral<br />
Salud Pública<br />
Inglés I<br />
Trabajo Social III<br />
Planificación y Administración<br />
Práctica Profesional III<br />
Espacio de Definición Institucional[/tab]</p>
<p>[tab title=»Cuarto año»]</p>
<p>Economía Social<br />
Salud Mental<br />
Inglés II<br />
Política Social<br />
Trabajo Final de Investigación<br />
Práctica Profesional IV<br />
Espacio de Definición Institucional[/tab] [/tabs]</p>



<h3 class="wp-block-heading">Descargas</h3>



<ul class="wp-block-list"><li><a href="https://esss.edu.ar/wp-content/uploads/2020/11/folleto-trabajo-social.pdf" target="_blank" rel="noreferrer noopener" aria-label=" (se abre en una nueva pestaña)">Folleto informativo sobre la carrera</a></li><li><a href="https://esss.edu.ar/wp-content/uploads/2020/11/plan-de-estudios-trabajador-social.pdf" target="_blank" rel="noreferrer noopener" aria-label=" (se abre en una nueva pestaña)">Plan de estudio aprobado por la DGCyE (Pcia. de Bs. As.)</a></li><li><a href="https://esss.edu.ar/wp-content/uploads/2020/11/solicitud-de-inscripcion-2021.pdf" target="_blank" rel="noreferrer noopener" aria-label=" (se abre en una nueva pestaña)">Solicitud de inscripción</a></li></ul>

<p>¿De qué se trata? «La profesión de trabajo social promueve el cambio social, la resolución de problemas en las relaciones humanas y el fortalecimiento y la liberación del pueblo para [&hellip;]</p>
